e 5) to base 14.
-46a9d1
-8525c4 (base 15) to base 14
-bad168
What is 155722 (base 8) in base 12?
28696
What is -231107 (base 9) in base 12?
-6825a
Convert -44763 (base 11) to base 5.
-4033204
Convert 142575 (base 10) to base 2.
100010110011101111
Convert -28068038 (base 9) to base 7.
-225555014
What is -333c (base 14) in base 6?
-105030
35165 (base 12) to base 13
2646b
Convert -100110011110100011101 (base 2) to base 10.
-1260829
Convert 1010011101011111100 (base 2) to base 10.
342780
Convert 16216 (base 12) to base 3.
1121002100
Convert a1b76 (base 15) to base 9.
860553
-2202120020221 (base 3) to base 5
-333431124
What is -302120322 (base 4) in base 9?
-344106
What is 10232032301 (base 4) in base 9?
2286115
What is -322056660 (base 7) in base 5?
-14403104221
4031862 (base 9) to base 12
8764a8
Convert -10100000011101010 (base 2) to base 3.
-11011200202
Convert -448112 (base 9) to base 2.
-1000001100001001100
3656214 (base 7) to base 14
c277b
What is -10000000100001100001001 (base 2) in base 4?
-100010030021
What is -1122011122 (base 3) in base 4?
-13313021
What is -21310222 (base 5) in base 2?
-101100011010110001
What is -17046557 (base 8) in base 10?
-3951983
-114003013 (base 5) to base 10
-531633
What is -585501 (base 11) in base 15?
-1356b4
Convert 3550244 (base 6) to base 16.
2d454
What is -4215286 (base 9) in base 10?
-2254308
Convert 123201103332 (base 4) to base 16.
6e14fe
What is -110012200110 (base 4) in base 11?
-2a7a087
36b203 (base 12) to base 15
128b76
-38156 (base 15) to base 5
-21213211
What is -752a5a (base 11) in base 6?
-41452215
Convert 11101000111010001001 (base 2) to base 3.
1210110122002
What is -72a7a (base 11) in base 4?
-121333032
What is -120101113 (base 5) in base 13?
-16354b
Convert -10484717 (base 10) to base 7.
-155055455
-2120031012 (base 4) to base 5
-124422210
What is -1431010222 (base 5) in base 2?
-1110010111100000101000
321100 (base 8) to base 7
624110
What is 1356306 (base 11) in base 13?
63a515
52d856 (base 14) to base 13
771c50
38637a4 (base 12) to base 6
1033245124
-2321216 (base 7) to base 2
-1000111000010011111
Convert -1410525 (base 8) to base 5.
-100211103
-b2496 (base 15) to base 9
-1050516
Convert -60875 (base 15) to base 12.
-128a78
Convert 110110121220 (base 3) to base 16.
3be98
Convert 15c236 (base 13) to base 11.
33a388
What is -2103133020 (base 5) in base 7?
-51652460
-1744a74 (base 14) to base 3
-210120021112201
What is -2074351 (base 8) in base 16?
-878e9
What is -205a95 (base 11) in base 13?
-b7311
What is 5693465 (base 10) in base 12?
1aa69b5
2abf6 (base 16) to base 11
10a607
10624505 (base 7) to base 9
1667742
1236b (base 15) to base 5
3330101
Convert -23042074 (base 8) to base 2.
-10011000100010000111100
-3133432332 (base 5) to base 2
-11000111110001000101111
-938c99 (base 16) to base 15
-cb01c5
210203111 (base 4) to base 2
100100100011010101
-1020143 (base 8) to base 15
-551e0
What is -e7221 (base 15) in base 5?
-141422411
What is 251443 (base 6) in base 7?
122235
What is -1b2a512 (base 12) in base 11?
-329a62a
-1242b6 (base 12) to base 16
-48aaa
Convert -168c0 (base 14) to base 8.
-156450
Convert 112012112222 (base 3) to base 6.
5554255
Convert -182638 (base 12) to base 2.
-1100110010100001100
-1130233 (base 6) to base 16
-e42d
What is -371949 (base 11) in base 8?
-2174521
-3306120 (base 8) to base 5
-211403023
Convert 845766 (base 9) to base 16.
7ac7c
What is -ad (base 15) in base 11?
-139
Convert -166503 (base 14) to base 2.
-10111111110101100111
517329 (base 10) to base 3
222021122100
-10101010001110110110 (base 2) to base 5
-134303040
1b3498 (base 14) to base 5
222011200
Convert -33321003331 (base 4) to base 6.
-225142301
What is -4454240 (base 8) in base 2?
-100100101100010100000
Convert 203130 (base 4) to base 8.
4334
What is d4799 (base 14) in base 3?
222000011221
3049124 (base 10) to base 5
1240032444
Convert -8c72d (base 16) to base 3.
-1002020010120
Convert 30b162 (base 14) to base 9.
3075047
Convert -20242423 (base 5) to base 12.
-7b843
Convert -5317bb (base 14) to base 4.
-22231231021
Convert -fa32e (base 16) to base 11.
-63aa5a
What is 30011223002 (base 4) in base 2?
1100000101101011000010
4161183 (base 10) to base 6
225104423
-4071bb (base 13) to base 10
-1500874
What is -111000001111011011 (base 2) in base 8?
-701733
What is c0b7 (base 16) in base 5?
3034320
Convert 659a4 (base 11) to base 7.
546010
20200000200 (base 4) to base 5
1032301011
Convert -4434321 (base 5) to base 16.
-12e95
What is 7a88b (base 13) in base 3?
102100101202
Convert -14024313 (base 5) to base 15.
-2c323
Convert -100010010111010000100 (base 2) to base 7.
-12366600
100000001000111010000 (base 2) to base 9
1874561
What is 54838 (base 10) in base 5?
3223323
What is 26ab88 (base 12) in base 3?
1012120100112
Convert 4208d (base 15) to base 3.
101122012221
What is -4051105 (base 7) in base 12?
-1b361a
-261a35 (base 12) to base 7
-5213000
Convert -201203132 (base 4) to base 9.
-228468
Convert -36991 (base 14) to base 3.
-20210021021
What is 208041 (base 10) in base 15?
41996
-18bd25 (base 15) to base 12
-4a1038
What is bc0961 (base 14) in base 7?
105135251
4110401 (base 8) to base 9
2034260
Convert 2a4407 (base 11) to base 2.
1110011110011010111
Convert 123356 (base 11) to base 14.
50d8a
What is 444140130 (base 5) in base 3?
10122201112002
Convert 3658747 (base 10) to base 13.
9b1451
What is 211233003 (base 4) in base 2?
100101101111000011
What is 28b4d (base 14) in base 5?
11213014
What is bb863 (base 12) in base 14?
666dd
195030 (base 10) to base 16
2f9d6
What is 12377474 (base 8) in base 10?
2752316
What is -600141 (base 9) in base 8?
-1264154
What is -202220220 (base 3) in base 15?
-47bc
What is -10010100010111110001 (base 2) in base 16?
-945f1
What is 34787 (base 16) in base 12?
a445b
What is -1533346 (base 9) in base 15?
-11b796
-3354510 (base 6) to base 2
-101001101101001010
What is 3315227 (base 8) in base 7?
10402152
Convert -387799 (base 15) to base 14.
-5070a1
-253132104 (base 6) to base 12
-178a034
What is 1723e (base 16) in base 14?
26782
-143942 (base 13) to base 5
-111244303
What is -193cb36 (base 14) in base 12?
-4239690
1372183 (base 14) to base 9
18643612
Convert -386c6 (base 16) to base 2.
-111000011011000110
Convert -131944 (base 11) to base 6.
-4240214
Convert -12d4484 (base 14) to base 7.
-140326424
What is 370705 (base 10) in base 12?
15a641
-108e4b (base 15) to base 3
-1111010010022
-297bc (base 13) to base 6
-1402105
Convert -2440614 (base 8) to base 13.
-1a6c21
What is -161522 (base 10) in base 4?
-213123302
10011010101000011 (base 2) to base 14
20bd1
Convert 3230020301 (base 4) to base 5.
221422332
Convert 608ac5 (base 13) to base 7.
25046363
-3046642 (base 11) to base 12
-1976705
Convert 1223144 (base 7) to base 12.
76b5b
Convert 161536 (base 12) to base 15.
764e3
-55b00 (base 13) to base 16
-26001
What is 1345517 (base 8) in base 13?
103aba
What is 19994a0 (base 11) in base 5?
1330142422
12103013302 (base 4) to base 13
45a744
What is -977156 (base 11) in base 5?
-344431240
-1414c (base 15) to base 3
-10021101000
Convert 3313122 (base 4) to base 8.
36732
What is -541c5 (base 13) in base 2?
-100101000101110011
What is 424422340 (base 5) in base 7?
21155146
-107cb3 (base 15) to base 10
-785868
2a156 (base 12) to base 7
333621
9b0549 (base 12) to base 3
11122101221210
1212011020101 (base 3) to base 4
3301001212
Convert 1112174 (base 8) to base 13.
a680c
-112213022 (base 6) to base 4
-13321131212
What is -67036 (base 11) in base 4?
-113232302
Convert 7053077 (base 8) to base 5.
433411322
What is -a9622 (base 11) in base 15?
-32244
-10011101011100000 (base 2) to base 6
-1421104
What is 110101020002 (base 3) in base 11?
157070
-76516 (base 9) to base 7
-300606
Convert -211101012 (base 3) to base 8.
-37671
-2045533 (base 6) to base 11
-68a67
Convert -4630400 (base 8) to base 13.
-350624
Convert -11241344 (base 6) to base 12.
-149254
What is -43b8b6 (base 14) in base 9?
-4282800
-373848 (base 9) to base 10
-225953
What is 45b700 (base 12) in base 8?
4211460
Convert e12b (base 15) to base 6.
1003552
Convert 9bc89 (base 14) to base 3.
201020001212
What is 43541211 (base 7) in base 5?
1424204312
90468 (base 13) to base 2
111110111100010011
What is 293402 (base 11) in base 3?
21202120